d by 69?
63
What is the remainder when 33 is divided by 12?
9
Calculate the remainder when 291 is divided by 49.
46
What is the remainder when 154 is divided by 32?
26
What is the remainder when 1093 is divided by 35?
8
Calculate the remainder when 334 is divided by 68.
62
What is the remainder when 263 is divided by 88?
87
What is the remainder when 151 is divided by 78?
73
Calculate the remainder when 3679 is divided by 25.
4
What is the remainder when 129 is divided by 33?
30
What is the remainder when 89 is divided by 19?
13
What is the remainder when 204 is divided by 19?
14
Calculate the remainder when 964 is divided by 73.
15
What is the remainder when 37 is divided by 10?
7
Calculate the remainder when 726 is divided by 27.
24
Calculate the remainder when 556 is divided by 531.
25
Calculate the remainder when 681 is divided by 15.
6
Calculate the remainder when 633 is divided by 107.
98
What is the remainder when 79 is divided by 8?
7
Calculate the remainder when 169 is divided by 17.
16
Calculate the remainder when 504 is divided by 64.
56
What is the remainder when 1660 is divided by 777?
106
Calculate the remainder when 208 is divided by 51.
4
What is the remainder when 1235 is divided by 59?
55
Calculate the remainder when 912 is divided by 144.
48
Calculate the remainder when 78 is divided by 23.
9
What is the remainder when 136 is divided by 16?
8
What is the remainder when 3615 is divided by 181?
176
What is the remainder when 1284 is divided by 34?
26
Calculate the remainder when 572 is divided by 190.
2
Calculate the remainder when 197 is divided by 8.
5
What is the remainder when 708 is divided by 55?
48
What is the remainder when 91 is divided by 31?
29
What is the remainder when 22 is divided by 8?
6
Calculate the remainder when 999 is divided by 8.
7
What is the remainder when 265 is divided by 61?
21
What is the remainder when 173 is divided by 29?
28
Calculate the remainder when 72 is divided by 11.
6
Calculate the remainder when 319 is divided by 10.
9
Calculate the remainder when 121 is divided by 40.
1
Calculate the remainder when 1084 is divided by 154.
6
Calculate the remainder when 1517 is divided by 49.
47
Calculate the remainder when 112 is divided by 20.
12
What is the remainder when 177 is divided by 6?
3
What is the remainder when 1888 is divided by 49?
26
Calculate the remainder when 724 is divided by 218.
70
What is the remainder when 297 is divided by 144?
9
Calculate the remainder when 244 is divided by 133.
111
Calculate the remainder when 789 is divided by 279.
231
Calculate the remainder when 1710 is divided by 39.
33
What is the remainder when 125 is divided by 16?
13
What is the remainder when 137 is divided by 74?
63
What is the remainder when 2022 is divided by 184?
182
What is the remainder when 39 is divided by 17?
5
Calculate the remainder when 160 is divided by 18.
16
Calculate the remainder when 654 is divided by 82.
80
Calculate the remainder when 198 is divided by 10.
8
What is the remainder when 129 is divided by 7?
3
Calculate the remainder when 135 is divided by 101.
34
Calculate the remainder when 652 is divided by 16.
12
What is the remainder when 1579 is divided by 30?
19
What is the remainder when 1024 is divided by 71?
30
What is the remainder when 78 is divided by 29?
20
What is the remainder when 1046 is divided by 50?
46
What is the remainder when 5684 is divided by 5682?
2
Calculate the remainder when 387 is divided by 23.
19
What is the remainder when 2115 is divided by 416?
35
Calculate the remainder when 2431 is divided by 809.
4
What is the remainder when 361 is divided by 121?
119
Calculate the remainder when 1259 is divided by 13.
11
What is the remainder when 5765 is divided by 79?
77
What is the remainder when 409 is divided by 16?
9
What is the remainder when 66616 is divided by 31?
28
What is the remainder when 176 is divided by 12?
8
What is the remainder when 116 is divided by 74?
42
What is the remainder when 18 is divided by 18?
0
What is the remainder when 250 is divided by 88?
74
Calculate the remainder when 725 is divided by 33.
32
Calculate the remainder when 89 is divided by 16.
9
What is the remainder when 382 is divided by 35?
32
Calculate the remainder when 289 is divided by 2.
1
What is the remainder when 66 is divided by 9?
3
Calculate the remainder when 2429 is divided by 94.
79
Calculate the remainder when 3779 is divided by 54.
53
Calculate the remainder when 165 is divided by 30.
15
What is the remainder when 201 is divided by 29?
27
What is the remainder when 714 is divided by 356?
2
Calculate the remainder when 969 is divided by 235.
29
Calculate the remainder when 5844 is divided by 5831.
13
Calculate the remainder when 159 is divided by 33.
27
What is the remainder when 1566 is divided by 157?
153
What is the remainder when 1368 is divided by 98?
94
Calculate the remainder when 15132 is divided by 5039.
15
Calculate the remainder when 1293 is divided by 1286.
7
Calculate the remainder when 1809 is divided by 22.
5
Calculate the remainder when 1316 is divided by 22.
18
What is the remainder when 26 is divided by 23?
3
Calculate the remainder when 95 is divided by 50.
45
Calculate the remainder when 400 is divided by 75.
25
Calculate the remainder when 588 is divided by 74.
70
Calculate the remainder when 1372 is divided by 123.
19
What is the remainder when 706 is divided by 197?
115
Calculate the remainder when 1181 is divided by 198.
191
Calculate the remainder when 50 is divided by 31.
19
Calculate the remainder when 1614 is divided by 176.
30
Calculate the remainder when 8 is divided by 6.
2
What is the remainder when 536 is divided by 13?
3
Calculate the remainder when 467 is divided by 5.
2
Calculate the remainder when 92 is divided by 6.
2
Calculate the remainder when 193 is divided by 84.
25
Calculate the remainder when 3664 is divided by 47.
45
Calculate the remainder when 12 is divided by 5.
2
Calculate the remainder when 9730 is divided by 31.
27
Calculate the remainder when 1141 is divided by 93.
25
Calculate the remainder when 142 is divided by 78.
64
Calculate the remainder when 222 is divided by 47.
34
What is the remainder when 509 is divided by 17?
16
What is the remainder when 480 is divided by 32?
0
Calculate the remainder when 276 is divided by 61.
32
Calculate the remainder when 339 is divided by 34.
33
What is the remainder when 77 is divided by 40?
37
What is the remainder when 167 is divided by 25?
17
Calculate the remainder when 344 is divided by 58.
54
Calculate the remainder when 134 is divided by 55.
24
Calculate the remainder when 4926 is divided by 44.
42
Calculate the remainder when 344 is divided by 29.
25
What is the remainder when 1144 is divided by 31?
28
Calculate the remainder when 20829 is divided by 96.
93
Calculate the remainder when 610 is divided by 39.
25
What is the remainder when 97 is divided by 11?
9
Calculate the remainder when 4601 is divided by 118.
117
Calculate the remainder when 159 is divided by 67.
25
Calculate the remainder when 81 is divided by 51.
30
What is the remainder when 48 is divided by 13?
9
Calculate the remainder when 51 is divided by 27.
24
What is the remainder when 187 is divided by 54?
25
Calculate the remainder when 1025 is divided by 154.
101
What is the remainder when 532 is divided by 67?
63
Calculate the remainder when 116 is divided by 49.
18
Calculate the remainder when 89 is divided by 31.
27
Calculate the remainder when 106 is divided by 8.
2
Calculate the remainder when 52 is divided by 29.
23
What is the remainder when 77 is divided by 39?
38
Calculate the remainder when 104 is divided by 39.
26
What is the remainder when 1345 is divided by 23?
11
What is the remainder when 896 is divided by 53?
48
What is the remainder when 66 is divided by 14?
10
Calculate the remainder when 506 is divided by 73.
68
Calculate the remainder when 773 is divided by 7.
3
Calculate the remainder when 112 is divided by 17.
10
What is the remainder when 2924 is divided by 209?
207
What is the remainder when 563 is divided by 75?
38
What is the remainder when 137 is divided by 36?
29
Calculate the remainder when 6758 is divided by 104.
102
Calculate the remainder when 229 is divided by 